y - 15 = -2*h - 3, 2*y - 3*h - 24 = 0. What is the greatest common divisor of y and 516?
12
Suppose -j + 40 = -5*j - 2*n, -4*n - 35 = 3*j. Let x be (-12)/j*(-18)/(-4). Suppose -22 = -5*u - 7. Calculate the highest common factor of x and u.
3
Let v(g) = 6*g - 69. Let q be v(26). Let s = 111 - q. Suppose -5*m - 67 = 5*y - 352, -3*y - 309 = -5*m. What is the highest common divisor of s and m?
12
Suppose 0 = 3*r - 3*a - 64 - 74, 0 = 2*a + 6. Suppose 0 = -2*s - 4*w + r + 1, -5*w = 3*s - 67. Calculate the highest common factor of s and 168.
24
Let n = 2 + 0. Let i be 135/90*8/6. Suppose 8*u + 324 = n*k + 3*u, k + i*u = 144. Calculate the highest common divisor of k and 19.
19
Let g(z) = 5*z**2 - 4*z + 12. Let p be g(2). What is the greatest common factor of 6 and p?
6
Let d be (4 - (-32)/(-6)) + (-224)/(-6). Suppose 0*i + 4*i - 2*h = 10, -2 = -2*h. Suppose -41 = -i*z - 5. Calculate the greatest common divisor of z and d.
12
Suppose -5*j = a - 85, j - 14 = -3*a + 3. Calculate the greatest common factor of 289 and j.
17
Suppose -4*c = -4 - 8, 4*c + 472 = -4*o. Let l = o + 155. What is the greatest common factor of 119 and l?
17
Let r(a) = -2*a**2 + 35*a - 6. Let t be r(17). Let w(b) = -b**2 + 11*b + 12. Let p be w(t). What is the greatest common divisor of 108 and p?
12
Let j be -15 + (-962)/(-65) + (-46)/(-5). Calculate the greatest common factor of 1 and j.
1
Let r(f) = f**2 + f. Let i be r(-7). Calculate the greatest common factor of 14 and i.
14
Suppose -236*r + 6790 = -231*r. What is the highest common factor of 14 and r?
14
Let r = -369 - -382. Suppose -52 = 3*m - 5*m. Let w = 52 - m. What is the highest common factor of r and w?
13
Suppose 0 = -7*a + 3*l + 114, 4*l + 64 = 3*a + 7. What is the greatest common factor of a and 9?
3
Let p = -27 - -29. Suppose -3*x + 5*v = -6*x + 25, -4*x + 38 = p*v. What is the greatest common factor of 10 and x?
10
Let j be (13/(-39))/((-2)/18). Let n be ((-5)/(-5) - j)/(-1). What is the highest common divisor of n and 10?
2
Suppose 20 = p + 5*i - 27, 2*p - 67 = -i. What is the greatest common divisor of p and 32?
32
Let a be (-4)/10 + 426/15. Let l = a - 21. Let m(z) = z**2 - 5*z - 2. Let r be m(l). Calculate the highest common divisor of r and 36.
12
Let y = 291 + -234. What is the greatest common factor of y and 228?
57
Suppose -34*c = -11*c - 506. What is the greatest common divisor of c and 77?
11
Let g be 54/10 - (-17)/(425/15). What is the highest common factor of g and 48?
6
Let n = 80 + -18. Let l(q) = q**3 - 3*q**2 - 8*q + 3. Let c be l(5). Suppose -n = -5*i + c. Calculate the highest common factor of 120 and i.
15
Let c(n) = 7*n**2 - 60*n + 13. Let y be c(11). Calculate the greatest common divisor of y and 25.
25
Let u(h) = -h**2 - 18*h. Let a be u(-13). Suppose -j = 5*d - a, d - j - 12 = 7. What is the highest common factor of d and 42?
14
Suppose -2 = h - 3*l - 0, -4*l = -4*h + 8. Suppose -6 = -v + h. Calculate the greatest common divisor of 2 and v.
2
Let r(l) = -l**3 + 28*l**2 + 12*l - 328. Let u be r(27). What is the greatest common divisor of u and 25?
25
Let w = -23 + 32. Suppose 25 = 4*n + w. Suppose -2*s + 180 = n*s. Calculate the greatest common divisor of 20 and s.
10
Suppose -6*g + 115 = -515. Suppose 2*t - 3*t = 0. Suppose t = o + 2*r - 25, -3*r + 7*r = o + 5. What is the greatest common divisor of o and g?
15
Let y(q) = q**2. Let p be y(-2). Suppose 26 = 22*b - 84. Suppose -p*t = 2*x - 12, -b*x + x + 64 = -2*t. Calculate the highest common factor of x and 7.
7
Suppose 0*m + 3*m - 3*h - 228 = 0, 5*m + 2*h - 387 = 0. Let i be ((-7)/(-3))/((-4)/(-12)). Calculate the highest common divisor of i and m.
7
Let o(g) = -g**2 + 11*g + 5. Let h be o(10). Calculate the highest common divisor of h and 245.
5
Suppose 2*x - 3*x = -2. Suppose x*q + 74 = 4*s, -4*q + 3*q = -5*s + 85. What is the greatest common divisor of 8 and s?
8
Let a = 92 + -59. Suppose i + a = 4*i. Calculate the greatest common divisor of i and 44.
11
Let u(s) = -s - 6 + 10 + 11. Let r be u(-6). Calculate the highest common divisor of r and 3.
3
Let w be (-153)/(-1530) - (-3838)/20. Calculate the greatest common divisor of 12 and w.
12
Let l be (34/51)/((-1)/(-3)). Suppose 2 + 5 = a. Suppose -l*v - 240 = -a*v. What is the highest common factor of v and 12?
12
Suppose 0 = 4*f + 3*g + g - 8, 3*g = f - 14. Let d be 24/15 - 2/(-5). What is the greatest common divisor of f and d?
1
Let x be 11/(-4)*-8 + -7. What is the highest common divisor of 555 and x?
15
Suppose -332 = -4*q + 4*b, 8*q + 2*b - 450 = 3*q. Let i be q/6*(-2 + (-28)/(-8)). Calculate the greatest common factor of 198 and i.
22
Let n(i) = -i**3 + 15*i**2 - 13*i - 11. Let a be n(14). Suppose -a*m - 91 = -4*m. What is the highest common factor of m and 13?
13
Let g be ((-64)/6)/((-2)/6). Let f(r) = r**2 - 5*r + 2. Let u be f(6). What is the greatest common factor of g and u?
8
Let z(p) = p + 8. Let c be z(8). Let f be 216/2 - 16/4. Let k = f - c. What is the greatest common divisor of 22 and k?
22
Let a = -10 + 15. Let k(z) = -z + 7. Let w be k(a). Suppose -w*n = 4*f - 616, 0*n = 5*f + 4*n - 773. Calculate the highest common factor of 17 and f.
17
Suppose 0 = -2*y + 57 + 31. Suppose 0 = 2*f + 2*c - 4, 17*f = 15*f + 3*c + 14. What is the greatest common factor of y and f?
4
Suppose 6*i + 225 = 5*i. Let l = 118 + -114. Let h be i/(-10)*l/3. What is the greatest common factor of 15 and h?
15
Suppose p + p = 234. Suppose 0 = 4*l - 4, 5*u + 2*l = -0 + 2. Suppose -k + 16 - 3 = u. What is the highest common factor of k and p?
13
Let u(k) = 42*k - 207. Let s be u(11). What is the greatest common divisor of s and 102?
51
Let w(p) = -20*p - 860. Let i be w(-59). What is the highest common divisor of 360 and i?
40
Let v be 13 - ((-36)/4 + 4). Let t be (-6)/9*9/(-2). What is the highest common divisor of v and t?
3
Let i(k) = 2*k + 12. Let l be i(-5). Suppose -182 = -l*a - 4*p, 4*p = -3*a - 0*a + 275. What is the greatest common factor of a and 31?
31
Let q(z) = 2*z + 78. Let c be q(-12). Calculate the greatest common factor of 36 and c.
18
Suppose 3*x + 5*o + 7 = 0, -2*x + 0*x - 4*o = 8. Let z be 52/(-3*(-2)/x). Let f = -36 + z. Calculate the highest common divisor of 40 and f.
8
Let x(t) = 29*t**2 + 2*t - 1. Let s be x(1). Suppose -13 - 362 = -5*f. Calculate the highest common factor of f and s.
15
Suppose -3*t - 25 = 3*s - 130, 0 = 4*t. Calculate the greatest common divisor of 1260 and s.
35
Suppose d + 69 = 2*v, 0 = 2*v - 4*d - 124 + 46. Let x be ((-22)/v)/((-2)/3). Let z be ((-15)/(-5))/(x*3). What is the greatest common divisor of z and 4?
1
Suppose -2*q - 303 = -39. Let d = q + 292. What is the greatest common divisor of d and 32?
32
Let m(d) = 9*d**2 + 2. Let l be m(-2). Suppose 0 = 5*f + u - 101, 2*u + 0*u + l = 2*f. Let x = -11 + f. What is the highest common divisor of x and 54?
9
Suppose 5*n + 3*j = 1143, -5*n = -j - 1566 + 427. What is the highest common factor of n and 76?
76
Suppose 0 = 4*v + v + 20. Let l(b) be the first derivative of -7*b**2/2 - 10*b - 12. Let s be l(v). What is the greatest common factor of 198 and s?
18
Let f = -220 + 260. What is the greatest common divisor of f and 50?
10
Suppose 5*m - 8 = -r + 2, -3*r = m - 30. Let g be r*1*(-8)/(-20). Let f be (-1)/(g + (-111)/27). What is the highest common factor of f and 9?
9
Let s = -248 + 941. Suppose -s = -27*n + 18*n. Calculate the highest common divisor of n and 33.
11
Suppose 3*l - 22*m + 23*m = 24, 4*m + 30 = 2*l. Let x(k) = -9*k - 9. Let n be x(-6). Calculate the greatest common factor of l and n.
9
Suppose 78*a - 79553 = 59*a. Calculate the highest common divisor of 53 and a.
53
Let a(h) = 5*h**3 + 21 + 5 - 8*h**2 - 2*h - 4*h**3. Let y be a(8). What is the greatest common factor of y and 50?
10
Suppose 19*z - 1376 = -24*z. What is the greatest common divisor of 272 and z?
16
Suppose 0 = -4*g, g = 3*x + 97 - 802. What is the greatest common factor of x and 5?
5
Let c = -15 + 25. Let b(u) = 8*u + 2. Let f be b(-3). Let r = -20 - f. What is the greatest common factor of r and c?
2
Suppose -4*b + 28 = o, -3*b = 5*o - 0*b - 106. Let x be (1*7)/(4/o). Let s = 7673 + -7668. Calculate the highest common factor of s and x.
5
Let l(c) = -c**2 + 10*c - 19. Let y be l(6). Suppose p + 3*p - 426 = -2*r, -y*r + 2*p